{"id":628,"date":"2021-12-12T18:34:30","date_gmt":"2021-12-12T18:34:30","guid":{"rendered":"https:\/\/www.archuntgame.com\/?page_id=628"},"modified":"2021-12-12T18:37:38","modified_gmt":"2021-12-12T18:37:38","slug":"sobre-nosotros-2","status":"publish","type":"page","link":"https:\/\/www.archuntgame.com\/index.php\/fr\/sobre-nosotros-2\/","title":{"rendered":"\u00c0 propos"},"content":{"rendered":"\t\t<div data-elementor-type=\"wp-page\" data-elementor-id=\"628\" class=\"elementor elementor-628\">\n\t\t\t\t\t\t<section class=\"elementor-section elementor-top-section elementor-element elementor-element-65af3e22 elementor-section-boxed elementor-section-height-default elementor-section-height-default\" data-id=\"65af3e22\" data-element_type=\"section\">\n\t\t\t\t\t\t<div class=\"elementor-container elementor-column-gap-default\">\n\t\t\t\t\t<div class=\"elementor-column elementor-col-100 elementor-top-column elementor-element elementor-element-2944d19c\" data-id=\"2944d19c\" data-element_type=\"column\">\n\t\t\t<div class=\"elementor-widget-wrap elementor-element-populated\">\n\t\t\t\t\t\t<div class=\"elementor-element elementor-element-5197caa7 elementor-widget elementor-widget-text-editor\" data-id=\"5197caa7\" data-element_type=\"widget\" data-widget_type=\"text-editor.default\">\n\t\t\t\t<div class=\"elementor-widget-container\">\n\t\t\t\t\t\t\t\t\t<p><\/p>\n<p><\/p>\n<p>Nous sommes deux jeunes architectes : Ana est espagnole, Maxime est fran\u00e7ais, et, ensemble, nous avons cr\u00e9\u00e9 Atelier MA_BE.&nbsp;<\/p>\n<p>\u00c0 travers Atelier MA_BE, nous combinons notre travail dans des studios d&#8217;architecture internationaux avec le d\u00e9veloppement d&#8217;autres types de projets tels que ARCH-HUNT, dans lequel nous donnons libre cours \u00e0 notre imagination.<\/p>\n<p>Avec ce jeu, nous voulions d\u00e9velopper un objet qui permettrait \u00e0 chacun de d\u00e9couvrir l&#8217;architecture, mais avant tout, cr\u00e9er un jeu amusant qui nous permettrait de passer un bon moment avec nos amis et nos familles, lors des parties au cours desquelles chacun pourra r\u00e9veler son vrai visage.&nbsp;<\/p>\n<p><\/p>\n<p><\/p>\n<div>\n<figure><img decoding=\"async\" src=\"https:\/\/www.archuntgame.com\/wp-content\/uploads\/2021\/04\/Photo-MaBe-1024x598.jpg\" alt=\"\"><\/figure>\n<\/div>\n<p><\/p>\n<p><\/p>\n<p><\/p>\t\t\t\t\t\t\t\t<\/div>\n\t\t\t\t<\/div>\n\t\t\t\t\t<\/div>\n\t\t<\/div>\n\t\t\t\t\t<\/div>\n\t\t<\/section>\n\t\t\t\t<\/div>\n\t\t","protected":false},"excerpt":{"rendered":"<p>Nous sommes deux jeunes architectes : Ana est espagnole, Maxime est fran\u00e7ais, et, ensemble, nous avons cr\u00e9\u00e9 Atelier MA_BE.&nbsp; \u00c0 travers Atelier MA_BE, nous combinons notre travail dans des studios d&#8217;architecture internationaux avec le d\u00e9veloppement d&#8217;autres types de projets tels que ARCH-HUNT, dans lequel nous donnons libre cours \u00e0 notre imagination. Avec ce jeu, nous [&hellip;]<\/p>\n","protected":false},"author":1,"featured_media":0,"parent":0,"menu_order":0,"comment_status":"closed","ping_status":"closed","template":"","meta":{"footnotes":""},"class_list":["post-628","page","type-page","status-publish","hentry"],"_links":{"self":[{"href":"https:\/\/www.archuntgame.com\/index.php\/wp-json\/wp\/v2\/pages\/628","targetHints":{"allow":["GET"]}}],"collection":[{"href":"https:\/\/www.archuntgame.com\/index.php\/wp-json\/wp\/v2\/pages"}],"about":[{"href":"https:\/\/www.archuntgame.com\/index.php\/wp-json\/wp\/v2\/types\/page"}],"author":[{"embeddable":true,"href":"https:\/\/www.archuntgame.com\/index.php\/wp-json\/wp\/v2\/users\/1"}],"replies":[{"embeddable":true,"href":"https:\/\/www.archuntgame.com\/index.php\/wp-json\/wp\/v2\/comments?post=628"}],"version-history":[{"count":5,"href":"https:\/\/www.archuntgame.com\/index.php\/wp-json\/wp\/v2\/pages\/628\/revisions"}],"predecessor-version":[{"id":634,"href":"https:\/\/www.archuntgame.com\/index.php\/wp-json\/wp\/v2\/pages\/628\/revisions\/634"}],"wp:attachment":[{"href":"https:\/\/www.archuntgame.com\/index.php\/wp-json\/wp\/v2\/media?parent=628"}],"curies":[{"name":"wp","href":"https:\/\/api.w.org\/{rel}","templated":true}]}}